{"id":372,"date":"2019-10-30T19:49:14","date_gmt":"2019-10-30T19:49:14","guid":{"rendered":"http:\/\/demo.athemes.com\/sydney-redesign\/?page_id=372"},"modified":"2020-09-01T10:43:03","modified_gmt":"2020-09-01T10:43:03","slug":"services","status":"publish","type":"page","link":"https:\/\/biocore.es\/?page_id=372","title":{"rendered":"Proyectos"},"content":{"rendered":"\t\t<div data-elementor-type=\"wp-page\" data-elementor-id=\"372\" class=\"elementor elementor-372\">\n\t\t\t\t\t\t<section class=\"elementor-section elementor-top-section elementor-element elementor-element-44e53083 elementor-section-boxed elementor-section-height-default elementor-section-height-default\" data-id=\"44e53083\" data-element_type=\"section\" data-e-type=\"section\" data-settings=\"{&quot;background_background&quot;:&quot;classic&quot;}\">\n\t\t\t\t\t\t<div class=\"elementor-container elementor-column-gap-default\">\n\t\t\t\t\t<div class=\"elementor-column elementor-col-100 elementor-top-column elementor-element elementor-element-28ccb34b\" data-id=\"28ccb34b\" data-element_type=\"column\" data-e-type=\"column\">\n\t\t\t<div class=\"elementor-widget-wrap elementor-element-populated\">\n\t\t\t\t\t\t<div class=\"elementor-element elementor-element-4e74ea33 elementor-widget elementor-widget-heading\" data-id=\"4e74ea33\" data-element_type=\"widget\" data-e-type=\"widget\" data-widget_type=\"heading.default\">\n\t\t\t\t<div class=\"elementor-widget-container\">\n\t\t\t\t\t<p class=\"elementor-heading-title elementor-size-default\">Proyectos<\/p>\t\t\t\t<\/div>\n\t\t\t\t<\/div>\n\t\t\t\t<div class=\"elementor-element elementor-element-9cf1772 our_work elementor-widget elementor-widget-athemes-portfolio\" data-id=\"9cf1772\" data-element_type=\"widget\" data-e-type=\"widget\" data-widget_type=\"athemes-portfolio.default\">\n\t\t\t\t<div class=\"elementor-widget-container\">\n\t\t\t\t\t\n\t\t<div class=\"project-wrap portfolio-section style1\">\n\n\t\t\t<ul class=\"project-filter\" id=\"filters\">\n\t\t\t\t<li><a href=\"#\" data-filter=\"*\">Mostrar todo<\/a><\/li>\n\n\t\t\t\t\n\t\t\t\t\t\t\t\t\t\t\t\t\t\t\t\t\t\t\t\t\t\t\t\t\t\t\t\t\t\t\t\t\t\t\t\t\t\t\t\t\t\t\t\t\t\t\t\t\t\t\t\t\t\t\t\t\t\t\t\t\t\t\t\t\t\t\t\t\t\t\t\t\t\t\t\t\t\t\t\t\t\t\t\t\t\n\t\t\t\t\n\t\t\t\t\t<li><a href='#' data-filter='.biosistemas'>Biosistemas<\/a><\/li>\n\n\t\t\t\t\n\t\t\t\t\t<li><a href='#' data-filter='.ciencia-comunitaria'>Ciencia Comunitaria<\/a><\/li>\n\n\t\t\t\t\n\t\t\t\t\t<li><a href='#' data-filter='.ingenier\u00eda'>Ingenier\u00eda<\/a><\/li>\n\n\t\t\t\t\n\t\t\t\t\t<li><a href='#' data-filter='.matem\u00e1tica'>Matem\u00e1tica<\/a><\/li>\n\n\t\t\t\t\n\t\t\t\t\t<li><a href='#' data-filter='.territorio'>Territorio<\/a><\/li>\n\n\t\t\t\t\n\t\t\t<\/ul>\n\n\t\t\t<div class=\"roll-project fullwidth\">\n\t\t\t\t<div class=\"isotope-container\" data-portfolio-effect=\"fadeInUp\">\n\n\t\t\t\t\t\t\t\t                    \n\t\t\t\t<div class=\"project-item item isotope-item biosistemas\">\n\t\t\t\t\t<div class=\"project-inner\">\n\t\t\t\t\t\t\n\t\t\t\t\t\t\n\t\t\t\t\t\t<a href=\"https:\/\/biocore.es\/?page_id=720\" class=\"project-pop-wrap\" target=\"_blank\" rel=\"nofollow\">\n\t\t\t\t\t\t\t<div class=\"project-pop\"><\/div>\n\t\t\t\t\t\t\t<div class=\"project-title-wrap\">\n\t\t\t\t\t\t\t\t<h3 class=\"project-title\">\n\t\t\t\t\t\t\t\t\t<span>Microbioma e Inmunidad<\/span>\n\t\t\t\t\t\t\t\t<\/h3>\n\t\t\t\t\t\t\t<\/div>\t\t\t\t\t\t\t\n\t\t\t\t\t\t<\/a>\n\t\t\t\t\t\t<a href=\"#\">\n\t\t\t\t\t\t\t\t\t\t\t\t\t\t<img decoding=\"async\" src=\"https:\/\/biocore.es\/wp-content\/uploads\/2020\/07\/5-SEM-Mini_805-2-neutrofilo.jpg\" alt=\"5-SEM-Mini_805 2-neutrofilo\"\/>\n\t\t\t\t\t\t\t\t\t\t\t\t\t<\/a>\n\t\t\t\t\t<\/div>\n\t\t\t\t<\/div>\n\n\t\t\t\t\t\t\t\t                    \n\t\t\t\t<div class=\"project-item item isotope-item ciencia-comunitaria\">\n\t\t\t\t\t<div class=\"project-inner\">\n\t\t\t\t\t\t\n\t\t\t\t\t\t\n\t\t\t\t\t\t<a href=\"https:\/\/biocore.es\/?page_id=766\" class=\"project-pop-wrap\" target=\"_blank\" rel=\"nofollow\">\n\t\t\t\t\t\t\t<div class=\"project-pop\"><\/div>\n\t\t\t\t\t\t\t<div class=\"project-title-wrap\">\n\t\t\t\t\t\t\t\t<h3 class=\"project-title\">\n\t\t\t\t\t\t\t\t\t<span>[MONURB] BioUrbanismo<\/span>\n\t\t\t\t\t\t\t\t<\/h3>\n\t\t\t\t\t\t\t<\/div>\t\t\t\t\t\t\t\n\t\t\t\t\t\t<\/a>\n\t\t\t\t\t\t<a href=\"#\">\n\t\t\t\t\t\t\t\t\t\t\t\t\t\t<img decoding=\"async\" src=\"https:\/\/biocore.es\/wp-content\/uploads\/2020\/07\/photo_2020-05-20_20-03-30-e1589997908679-1200x900-1.jpg\" alt=\"photo_2020-05-20_20-03-30-e1589997908679-1200x900\"\/>\n\t\t\t\t\t\t\t\t\t\t\t\t\t<\/a>\n\t\t\t\t\t<\/div>\n\t\t\t\t<\/div>\n\n\t\t\t\t\t\t\t\t                    \n\t\t\t\t<div class=\"project-item item isotope-item ingenier\u00eda\">\n\t\t\t\t\t<div class=\"project-inner\">\n\t\t\t\t\t\t\n\t\t\t\t\t\t\n\t\t\t\t\t\t<a href=\"https:\/\/biocore.es\/?page_id=802\" class=\"project-pop-wrap\" target=\"_blank\" rel=\"nofollow\">\n\t\t\t\t\t\t\t<div class=\"project-pop\"><\/div>\n\t\t\t\t\t\t\t<div class=\"project-title-wrap\">\n\t\t\t\t\t\t\t\t<h3 class=\"project-title\">\n\t\t\t\t\t\t\t\t\t<span>[GenerACCI\u00d3N] Motores<\/span>\n\t\t\t\t\t\t\t\t<\/h3>\n\t\t\t\t\t\t\t<\/div>\t\t\t\t\t\t\t\n\t\t\t\t\t\t<\/a>\n\t\t\t\t\t\t<a href=\"#\">\n\t\t\t\t\t\t\t\t\t\t\t\t\t\t<img decoding=\"async\" src=\"https:\/\/biocore.es\/wp-content\/uploads\/2020\/07\/Marine_Engine_Turbocharger_ReconditioningOfTurbineBladesRebladingOfRotor_6.jpg\" alt=\"Marine_Engine_Turbocharger_ReconditioningOfTurbineBladesRebladingOfRotor_6\"\/>\n\t\t\t\t\t\t\t\t\t\t\t\t\t<\/a>\n\t\t\t\t\t<\/div>\n\t\t\t\t<\/div>\n\n\t\t\t\t\t\t\t\t                    \n\t\t\t\t<div class=\"project-item item isotope-item ingenier\u00eda\">\n\t\t\t\t\t<div class=\"project-inner\">\n\t\t\t\t\t\t\n\t\t\t\t\t\t\n\t\t\t\t\t\t<a href=\"https:\/\/biocore.es\/?page_id=809\" class=\"project-pop-wrap\" target=\"_blank\" rel=\"nofollow\">\n\t\t\t\t\t\t\t<div class=\"project-pop\"><\/div>\n\t\t\t\t\t\t\t<div class=\"project-title-wrap\">\n\t\t\t\t\t\t\t\t<h3 class=\"project-title\">\n\t\t\t\t\t\t\t\t\t<span>[Mading] Biomateriales<\/span>\n\t\t\t\t\t\t\t\t<\/h3>\n\t\t\t\t\t\t\t<\/div>\t\t\t\t\t\t\t\n\t\t\t\t\t\t<\/a>\n\t\t\t\t\t\t<a href=\"#\">\n\t\t\t\t\t\t\t\t\t\t\t\t\t\t<img decoding=\"async\" src=\"https:\/\/biocore.es\/wp-content\/uploads\/2020\/09\/hongo-1.jpg\" alt=\"hongo\"\/>\n\t\t\t\t\t\t\t\t\t\t\t\t\t<\/a>\n\t\t\t\t\t<\/div>\n\t\t\t\t<\/div>\n\n\t\t\t\t\t\t\t\t                    \n\t\t\t\t<div class=\"project-item item isotope-item ingenier\u00eda\">\n\t\t\t\t\t<div class=\"project-inner\">\n\t\t\t\t\t\t\n\t\t\t\t\t\t\n\t\t\t\t\t\t<a href=\"https:\/\/biocore.es\/?page_id=815\" class=\"project-pop-wrap\" target=\"_blank\" rel=\"nofollow\">\n\t\t\t\t\t\t\t<div class=\"project-pop\"><\/div>\n\t\t\t\t\t\t\t<div class=\"project-title-wrap\">\n\t\t\t\t\t\t\t\t<h3 class=\"project-title\">\n\t\t\t\t\t\t\t\t\t<span>[MoviBIC] Movilidad<\/span>\n\t\t\t\t\t\t\t\t<\/h3>\n\t\t\t\t\t\t\t<\/div>\t\t\t\t\t\t\t\n\t\t\t\t\t\t<\/a>\n\t\t\t\t\t\t<a href=\"#\">\n\t\t\t\t\t\t\t\t\t\t\t\t\t\t<img decoding=\"async\" src=\"https:\/\/biocore.es\/wp-content\/uploads\/2020\/07\/FreeVector-Vintage-Bikes-Set.jpg\" alt=\"FreeVector-Vintage-Bikes-Set\"\/>\n\t\t\t\t\t\t\t\t\t\t\t\t\t<\/a>\n\t\t\t\t\t<\/div>\n\t\t\t\t<\/div>\n\n\t\t\t\t\t\t\t\t                    \n\t\t\t\t<div class=\"project-item item isotope-item matem\u00e1tica\">\n\t\t\t\t\t<div class=\"project-inner\">\n\t\t\t\t\t\t\n\t\t\t\t\t\t\n\t\t\t\t\t\t<a href=\"https:\/\/biocore.es\/?page_id=824\" class=\"project-pop-wrap\" target=\"_blank\" rel=\"nofollow\">\n\t\t\t\t\t\t\t<div class=\"project-pop\"><\/div>\n\t\t\t\t\t\t\t<div class=\"project-title-wrap\">\n\t\t\t\t\t\t\t\t<h3 class=\"project-title\">\n\t\t\t\t\t\t\t\t\t<span>[G2PRIMA] Algor\u00edtmica<\/span>\n\t\t\t\t\t\t\t\t<\/h3>\n\t\t\t\t\t\t\t<\/div>\t\t\t\t\t\t\t\n\t\t\t\t\t\t<\/a>\n\t\t\t\t\t\t<a href=\"#\">\n\t\t\t\t\t\t\t\t\t\t\t\t\t\t<img decoding=\"async\" src=\"https:\/\/biocore.es\/wp-content\/uploads\/2020\/07\/prime-number-block.jpg\" alt=\"prime-number-block\"\/>\n\t\t\t\t\t\t\t\t\t\t\t\t\t<\/a>\n\t\t\t\t\t<\/div>\n\t\t\t\t<\/div>\n\n\t\t\t\t\t\t\t\t                    \n\t\t\t\t<div class=\"project-item item isotope-item territorio\">\n\t\t\t\t\t<div class=\"project-inner\">\n\t\t\t\t\t\t\n\t\t\t\t\t\t\n\t\t\t\t\t\t<a href=\"https:\/\/biocore.es\/?page_id=832\" class=\"project-pop-wrap\" target=\"_blank\" rel=\"nofollow\">\n\t\t\t\t\t\t\t<div class=\"project-pop\"><\/div>\n\t\t\t\t\t\t\t<div class=\"project-title-wrap\">\n\t\t\t\t\t\t\t\t<h3 class=\"project-title\">\n\t\t\t\t\t\t\t\t\t<span>[Territorio] Planificaci\u00f3n<\/span>\n\t\t\t\t\t\t\t\t<\/h3>\n\t\t\t\t\t\t\t<\/div>\t\t\t\t\t\t\t\n\t\t\t\t\t\t<\/a>\n\t\t\t\t\t\t<a href=\"#\">\n\t\t\t\t\t\t\t\t\t\t\t\t\t\t<img decoding=\"async\" src=\"https:\/\/biocore.es\/wp-content\/uploads\/2020\/07\/1_BievRoBu7tXqxzDjIlq2cA-1.jpeg\" alt=\"1_BievRoBu7tXqxzDjIlq2cA\"\/>\n\t\t\t\t\t\t\t\t\t\t\t\t\t<\/a>\n\t\t\t\t\t<\/div>\n\t\t\t\t<\/div>\n\n\t\t\t\t\t\t\t\t                    \n\t\t\t\t<div class=\"project-item item isotope-item ciencia-comunitaria\">\n\t\t\t\t\t<div class=\"project-inner\">\n\t\t\t\t\t\t\n\t\t\t\t\t\t\n\t\t\t\t\t\t<a href=\"https:\/\/biocore.es\/?page_id=846\" class=\"project-pop-wrap\" target=\"_blank\" rel=\"nofollow\">\n\t\t\t\t\t\t\t<div class=\"project-pop\"><\/div>\n\t\t\t\t\t\t\t<div class=\"project-title-wrap\">\n\t\t\t\t\t\t\t\t<h3 class=\"project-title\">\n\t\t\t\t\t\t\t\t\t<span>[BIVOS^LAB] Formaci\u00f3n<\/span>\n\t\t\t\t\t\t\t\t<\/h3>\n\t\t\t\t\t\t\t<\/div>\t\t\t\t\t\t\t\n\t\t\t\t\t\t<\/a>\n\t\t\t\t\t\t<a href=\"#\">\n\t\t\t\t\t\t\t\t\t\t\t\t\t\t<img decoding=\"async\" src=\"https:\/\/biocore.es\/wp-content\/uploads\/2020\/07\/photo5886605184770090957.jpg\" alt=\"photo5886605184770090957\"\/>\n\t\t\t\t\t\t\t\t\t\t\t\t\t<\/a>\n\t\t\t\t\t<\/div>\n\t\t\t\t<\/div>\n\n\t\t\t\t\t\t\t\t                    \n\t\t\t\t<div class=\"project-item item isotope-item ciencia-comunitaria\">\n\t\t\t\t\t<div class=\"project-inner\">\n\t\t\t\t\t\t\n\t\t\t\t\t\t\n\t\t\t\t\t\t<a href=\"https:\/\/biocore.es\/?page_id=855\" class=\"project-pop-wrap\" target=\"_blank\" rel=\"nofollow\">\n\t\t\t\t\t\t\t<div class=\"project-pop\"><\/div>\n\t\t\t\t\t\t\t<div class=\"project-title-wrap\">\n\t\t\t\t\t\t\t\t<h3 class=\"project-title\">\n\t\t\t\t\t\t\t\t\t<span>[Zoom\u00e1tica] Editorial<\/span>\n\t\t\t\t\t\t\t\t<\/h3>\n\t\t\t\t\t\t\t<\/div>\t\t\t\t\t\t\t\n\t\t\t\t\t\t<\/a>\n\t\t\t\t\t\t<a href=\"#\">\n\t\t\t\t\t\t\t\t\t\t\t\t\t\t<img decoding=\"async\" src=\"https:\/\/biocore.es\/wp-content\/uploads\/2020\/07\/1_-T8oo_JoKkMxfnPKLt_Ciw.jpeg\" alt=\"1_-T8oo_JoKkMxfnPKLt_Ciw\"\/>\n\t\t\t\t\t\t\t\t\t\t\t\t\t<\/a>\n\t\t\t\t\t<\/div>\n\t\t\t\t<\/div>\n\n\t\t\t\t\t\t\t\t\n\t\t\t\t<\/div>\n\t\t\t<\/div>\n\t\t<\/div>\n\n\t\t\t\t\t\t<\/div>\n\t\t\t\t<\/div>\n\t\t\t\t\t<\/div>\n\t\t<\/div>\n\t\t\t\t\t<\/div>\n\t\t<\/section>\n\t\t\t\t<\/div>\n\t\t","protected":false},"excerpt":{"rendered":"<p>Proyectos Mostrar todos Biosistemas Ciencia Comunitaria Ingenier\u00eda Matem\u00e1tica Territorio Microbioma e Inmunidad [MONURB] BioUrbanismo [GenerACCI\u00d3N] Motores [Mading] Biomateriales [MoviBIC] Movilidad [G2PRIMA] Algor\u00edtmica [&hellip;]<\/p>\n","protected":false},"author":1,"featured_media":0,"parent":0,"menu_order":0,"comment_status":"closed","ping_status":"closed","template":"page-templates\/page_front-page.php","meta":{"footnotes":""},"class_list":["post-372","page","type-page","status-publish","hentry"],"yoast_head":"<!-- This site is optimized with the Yoast SEO plugin v27.2 - https:\/\/yoast.com\/product\/yoast-seo-wordpress\/ -->\n<title>Proyectos - Biological Cooperative Research<\/title>\n<meta name=\"robots\" content=\"index, follow, max-snippet:-1, max-image-preview:large, max-video-preview:-1\" \/>\n<link rel=\"canonical\" href=\"https:\/\/biocore.es\/?page_id=372\" \/>\n<meta property=\"og:locale\" content=\"es_ES\" \/>\n<meta property=\"og:type\" content=\"article\" \/>\n<meta property=\"og:title\" content=\"Proyectos - Biological Cooperative Research\" \/>\n<meta property=\"og:description\" content=\"Proyectos Mostrar todos Biosistemas Ciencia Comunitaria Ingenier\u00eda Matem\u00e1tica Territorio Microbioma e Inmunidad [MONURB] BioUrbanismo [GenerACCI\u00d3N] Motores [Mading] Biomateriales [MoviBIC] Movilidad [G2PRIMA] Algor\u00edtmica [&hellip;]\" \/>\n<meta property=\"og:url\" content=\"https:\/\/biocore.es\/?page_id=372\" \/>\n<meta property=\"og:site_name\" content=\"Biological Cooperative Research\" \/>\n<meta property=\"article:modified_time\" content=\"2020-09-01T10:43:03+00:00\" \/>\n<meta property=\"og:image\" content=\"https:\/\/biocore.es\/wp-content\/uploads\/2020\/07\/5-SEM-Mini_805-2-neutrofilo.jpg\" \/>\n<meta name=\"twitter:card\" content=\"summary_large_image\" \/>\n<script type=\"application\/ld+json\" class=\"yoast-schema-graph\">{\"@context\":\"https:\/\/schema.org\",\"@graph\":[{\"@type\":\"WebPage\",\"@id\":\"https:\/\/biocore.es\/?page_id=372\",\"url\":\"https:\/\/biocore.es\/?page_id=372\",\"name\":\"Proyectos - Biological Cooperative Research\",\"isPartOf\":{\"@id\":\"https:\/\/biocore.es\/#website\"},\"primaryImageOfPage\":{\"@id\":\"https:\/\/biocore.es\/?page_id=372#primaryimage\"},\"image\":{\"@id\":\"https:\/\/biocore.es\/?page_id=372#primaryimage\"},\"thumbnailUrl\":\"https:\/\/biocore.es\/wp-content\/uploads\/2020\/07\/5-SEM-Mini_805-2-neutrofilo.jpg\",\"datePublished\":\"2019-10-30T19:49:14+00:00\",\"dateModified\":\"2020-09-01T10:43:03+00:00\",\"breadcrumb\":{\"@id\":\"https:\/\/biocore.es\/?page_id=372#breadcrumb\"},\"inLanguage\":\"es\",\"potentialAction\":[{\"@type\":\"ReadAction\",\"target\":[\"https:\/\/biocore.es\/?page_id=372\"]}]},{\"@type\":\"ImageObject\",\"inLanguage\":\"es\",\"@id\":\"https:\/\/biocore.es\/?page_id=372#primaryimage\",\"url\":\"https:\/\/biocore.es\/wp-content\/uploads\/2020\/07\/5-SEM-Mini_805-2-neutrofilo.jpg\",\"contentUrl\":\"https:\/\/biocore.es\/wp-content\/uploads\/2020\/07\/5-SEM-Mini_805-2-neutrofilo.jpg\",\"width\":740,\"height\":600},{\"@type\":\"BreadcrumbList\",\"@id\":\"https:\/\/biocore.es\/?page_id=372#breadcrumb\",\"itemListElement\":[{\"@type\":\"ListItem\",\"position\":1,\"name\":\"Home\",\"item\":\"https:\/\/biocore.es\/\"},{\"@type\":\"ListItem\",\"position\":2,\"name\":\"Proyectos\"}]},{\"@type\":\"WebSite\",\"@id\":\"https:\/\/biocore.es\/#website\",\"url\":\"https:\/\/biocore.es\/\",\"name\":\"Biological Cooperative Research\",\"description\":\"BIOCORE\",\"potentialAction\":[{\"@type\":\"SearchAction\",\"target\":{\"@type\":\"EntryPoint\",\"urlTemplate\":\"https:\/\/biocore.es\/?s={search_term_string}\"},\"query-input\":{\"@type\":\"PropertyValueSpecification\",\"valueRequired\":true,\"valueName\":\"search_term_string\"}}],\"inLanguage\":\"es\"}]}<\/script>\n<!-- \/ Yoast SEO plugin. -->","yoast_head_json":{"title":"Proyectos - Biological Cooperative Research","robots":{"index":"index","follow":"follow","max-snippet":"max-snippet:-1","max-image-preview":"max-image-preview:large","max-video-preview":"max-video-preview:-1"},"canonical":"https:\/\/biocore.es\/?page_id=372","og_locale":"es_ES","og_type":"article","og_title":"Proyectos - Biological Cooperative Research","og_description":"Proyectos Mostrar todos Biosistemas Ciencia Comunitaria Ingenier\u00eda Matem\u00e1tica Territorio Microbioma e Inmunidad [MONURB] BioUrbanismo [GenerACCI\u00d3N] Motores [Mading] Biomateriales [MoviBIC] Movilidad [G2PRIMA] Algor\u00edtmica [&hellip;]","og_url":"https:\/\/biocore.es\/?page_id=372","og_site_name":"Biological Cooperative Research","article_modified_time":"2020-09-01T10:43:03+00:00","og_image":[{"url":"https:\/\/biocore.es\/wp-content\/uploads\/2020\/07\/5-SEM-Mini_805-2-neutrofilo.jpg","type":"","width":"","height":""}],"twitter_card":"summary_large_image","schema":{"@context":"https:\/\/schema.org","@graph":[{"@type":"WebPage","@id":"https:\/\/biocore.es\/?page_id=372","url":"https:\/\/biocore.es\/?page_id=372","name":"Proyectos - Biological Cooperative Research","isPartOf":{"@id":"https:\/\/biocore.es\/#website"},"primaryImageOfPage":{"@id":"https:\/\/biocore.es\/?page_id=372#primaryimage"},"image":{"@id":"https:\/\/biocore.es\/?page_id=372#primaryimage"},"thumbnailUrl":"https:\/\/biocore.es\/wp-content\/uploads\/2020\/07\/5-SEM-Mini_805-2-neutrofilo.jpg","datePublished":"2019-10-30T19:49:14+00:00","dateModified":"2020-09-01T10:43:03+00:00","breadcrumb":{"@id":"https:\/\/biocore.es\/?page_id=372#breadcrumb"},"inLanguage":"es","potentialAction":[{"@type":"ReadAction","target":["https:\/\/biocore.es\/?page_id=372"]}]},{"@type":"ImageObject","inLanguage":"es","@id":"https:\/\/biocore.es\/?page_id=372#primaryimage","url":"https:\/\/biocore.es\/wp-content\/uploads\/2020\/07\/5-SEM-Mini_805-2-neutrofilo.jpg","contentUrl":"https:\/\/biocore.es\/wp-content\/uploads\/2020\/07\/5-SEM-Mini_805-2-neutrofilo.jpg","width":740,"height":600},{"@type":"BreadcrumbList","@id":"https:\/\/biocore.es\/?page_id=372#breadcrumb","itemListElement":[{"@type":"ListItem","position":1,"name":"Home","item":"https:\/\/biocore.es\/"},{"@type":"ListItem","position":2,"name":"Proyectos"}]},{"@type":"WebSite","@id":"https:\/\/biocore.es\/#website","url":"https:\/\/biocore.es\/","name":"Biological Cooperative Research","description":"BIOCORE","potentialAction":[{"@type":"SearchAction","target":{"@type":"EntryPoint","urlTemplate":"https:\/\/biocore.es\/?s={search_term_string}"},"query-input":{"@type":"PropertyValueSpecification","valueRequired":true,"valueName":"search_term_string"}}],"inLanguage":"es"}]}},"jetpack_sharing_enabled":true,"_links":{"self":[{"href":"https:\/\/biocore.es\/index.php?rest_route=\/wp\/v2\/pages\/372","targetHints":{"allow":["GET"]}}],"collection":[{"href":"https:\/\/biocore.es\/index.php?rest_route=\/wp\/v2\/pages"}],"about":[{"href":"https:\/\/biocore.es\/index.php?rest_route=\/wp\/v2\/types\/page"}],"author":[{"embeddable":true,"href":"https:\/\/biocore.es\/index.php?rest_route=\/wp\/v2\/users\/1"}],"replies":[{"embeddable":true,"href":"https:\/\/biocore.es\/index.php?rest_route=%2Fwp%2Fv2%2Fcomments&post=372"}],"version-history":[{"count":16,"href":"https:\/\/biocore.es\/index.php?rest_route=\/wp\/v2\/pages\/372\/revisions"}],"predecessor-version":[{"id":1048,"href":"https:\/\/biocore.es\/index.php?rest_route=\/wp\/v2\/pages\/372\/revisions\/1048"}],"wp:attachment":[{"href":"https:\/\/biocore.es\/index.php?rest_route=%2Fwp%2Fv2%2Fmedia&parent=372"}],"curies":[{"name":"wp","href":"https:\/\/api.w.org\/{rel}","templated":true}]}}